{"id":32,"date":"2025-12-23T07:12:00","date_gmt":"2025-12-23T07:12:00","guid":{"rendered":"https:\/\/furtwanglerwatches.com\/?page_id=32"},"modified":"2025-12-23T10:22:44","modified_gmt":"2025-12-23T10:22:44","slug":"home","status":"publish","type":"page","link":"https:\/\/furtwanglerwatches.com\/","title":{"rendered":"Home"},"content":{"rendered":"<p>[et_pb_section fb_built=&#8221;1&#8243; theme_builder_area=&#8221;post_content&#8221; _builder_version=&#8221;4.27.4&#8243; _module_preset=&#8221;default&#8221; background_position=&#8221;top_center&#8221; title_text=&#8221;ChatGPT Image Dec 22, 2025, 05_27_34 PM&#8221; background_image=&#8221;https:\/\/furtwanglerwatches.com\/wp-content\/uploads\/2025\/12\/ChatGPT-Image-Dec-22-2025-05_27_34-PM.png&#8221; hover_enabled=&#8221;0&#8243; sticky_enabled=&#8221;0&#8243; custom_padding=&#8221;0px||10.1%||false|false&#8221; custom_padding__hover_enabled=&#8221;off|desktop&#8221; custom_padding_last_edited=&#8221;off|desktop&#8221;][et_pb_row _builder_version=&#8221;4.27.4&#8243; _module_preset=&#8221;default&#8221; width=&#8221;95%&#8221; max_width=&#8221;100%&#8221; custom_padding=&#8221;10px||10px||false|false&#8221; hover_enabled=&#8221;0&#8243; global_colors_info=&#8221;{}&#8221; theme_builder_area=&#8221;post_content&#8221; sticky_enabled=&#8221;0&#8243;][et_pb_column type=&#8221;4_4&#8243; _builder_version=&#8221;4.27.4&#8243; _module_preset=&#8221;default&#8221; global_colors_info=&#8221;{}&#8221; theme_builder_area=&#8221;post_content&#8221;][et_pb_menu active_link_color=&#8221;#FFFFFF&#8221; logo=&#8221;https:\/\/furtwanglerwatches.com\/wp-content\/uploads\/2025\/12\/srty-1.png&#8221; logo_width=&#8221;12%&#8221; menu_icon_color=&#8221;#000000&#8243; _builder_version=&#8221;4.27.4&#8243; _module_preset=&#8221;default&#8221; menu_font=&#8221;&#8211;et_global_heading_font|600|||||||&#8221; menu_font_size=&#8221;12px&#8221; hover_enabled=&#8221;0&#8243; global_colors_info=&#8221;{}&#8221; theme_builder_area=&#8221;post_content&#8221; title_text=&#8221;srty&#8221; sticky_enabled=&#8221;0&#8243; custom_margin=&#8221;-11px|||||&#8221; background_color=&#8221;rgba(255,255,255,0)&#8221; custom_padding=&#8221;14px|||||&#8221; menu_text_color=&#8221;#FFFFFF&#8221;][\/et_pb_menu][\/et_pb_column][\/et_pb_row][et_pb_row _builder_version=&#8221;4.27.4&#8243; _module_preset=&#8221;default&#8221; width=&#8221;95%&#8221; max_width=&#8221;100%&#8221; custom_padding=&#8221;10px||10px||false|false&#8221; hover_enabled=&#8221;0&#8243; global_colors_info=&#8221;{}&#8221; theme_builder_area=&#8221;post_content&#8221; sticky_enabled=&#8221;0&#8243; column_structure=&#8221;1_2,1_2&#8243;][et_pb_column type=&#8221;1_2&#8243; _builder_version=&#8221;4.27.4&#8243; _module_preset=&#8221;default&#8221; global_colors_info=&#8221;{}&#8221; theme_builder_area=&#8221;post_content&#8221;][et_pb_text _builder_version=&#8221;4.27.4&#8243; _module_preset=&#8221;default&#8221; theme_builder_area=&#8221;post_content&#8221; header_font=&#8221;Playfair Display|700|||||||&#8221; hover_enabled=&#8221;0&#8243; sticky_enabled=&#8221;0&#8243; header_font_size=&#8221;390%&#8221; header_text_color=&#8221;#FFFFFF&#8221; header_text_shadow_style=&#8221;preset1&#8243; custom_padding=&#8221;10%||||false|false&#8221; text_text_color=&#8221;#FFFFFF&#8221;]<\/p>\n<h1>Made in Germany<br \/>Since 1836<\/h1>\n<p>[\/et_pb_text][\/et_pb_column][et_pb_column type=&#8221;1_2&#8243; _builder_version=&#8221;4.27.4&#8243; _module_preset=&#8221;default&#8221; global_colors_info=&#8221;{}&#8221; theme_builder_area=&#8221;post_content&#8221;][\/et_pb_column][\/et_pb_row][et_pb_row _builder_version=&#8221;4.27.4&#8243; _module_preset=&#8221;default&#8221; width=&#8221;95%&#8221; max_width=&#8221;100%&#8221; custom_padding=&#8221;10px||10px||false|false&#8221; hover_enabled=&#8221;0&#8243; global_colors_info=&#8221;{}&#8221; theme_builder_area=&#8221;post_content&#8221; sticky_enabled=&#8221;0&#8243; column_structure=&#8221;1_2,1_2&#8243;][et_pb_column type=&#8221;1_2&#8243; _builder_version=&#8221;4.27.4&#8243; _module_preset=&#8221;default&#8221; global_colors_info=&#8221;{}&#8221; theme_builder_area=&#8221;post_content&#8221;][et_pb_text _builder_version=&#8221;4.27.4&#8243; _module_preset=&#8221;default&#8221; theme_builder_area=&#8221;post_content&#8221; header_font=&#8221;Playfair Display|700|||||||&#8221; hover_enabled=&#8221;0&#8243; sticky_enabled=&#8221;0&#8243; header_font_size=&#8221;390%&#8221; header_text_color=&#8221;#FFFFFF&#8221; header_text_shadow_style=&#8221;preset1&#8243; custom_padding=&#8221;||0px||false|false&#8221; text_text_color=&#8221;#FFFFFF&#8221; text_font_size=&#8221;29px&#8221; text_line_height=&#8221;35.5px&#8221;]<\/p>\n<p>Where time is not produced \u2014 it is mastered.<\/p>\n<p>[\/et_pb_text][\/et_pb_column][et_pb_column type=&#8221;1_2&#8243; _builder_version=&#8221;4.27.4&#8243; _module_preset=&#8221;default&#8221; global_colors_info=&#8221;{}&#8221; theme_builder_area=&#8221;post_content&#8221;][\/et_pb_column][\/et_pb_row][\/et_pb_section][et_pb_section fb_built=&#8221;1&#8243; theme_builder_area=&#8221;post_content&#8221; _builder_version=&#8221;4.27.4&#8243; _module_preset=&#8221;default&#8221; custom_padding=&#8221;0px||0px||true|false&#8221; hover_enabled=&#8221;0&#8243; sticky_enabled=&#8221;0&#8243;][et_pb_row _builder_version=&#8221;4.27.4&#8243; _module_preset=&#8221;default&#8221; column_structure=&#8221;1_2,1_2&#8243; theme_builder_area=&#8221;post_content&#8221; make_equal=&#8221;on&#8221; use_custom_gutter=&#8221;on&#8221; gutter_width=&#8221;1&#8243; width=&#8221;100%&#8221; max_width=&#8221;100%&#8221; hover_enabled=&#8221;0&#8243; sticky_enabled=&#8221;0&#8243; custom_padding=&#8221;0px||0px||true|false&#8221;][et_pb_column _builder_version=&#8221;4.27.4&#8243; _module_preset=&#8221;default&#8221; type=&#8221;1_2&#8243; theme_builder_area=&#8221;post_content&#8221; title_text=&#8221;ZURICH (36)&#8221; hover_enabled=&#8221;0&#8243; sticky_enabled=&#8221;0&#8243; background_enable_image=&#8221;off&#8221;][et_pb_image src=&#8221;https:\/\/furtwanglerwatches.com\/wp-content\/uploads\/2025\/12\/ZURICH-36.png&#8221; _builder_version=&#8221;4.27.4&#8243; _module_preset=&#8221;default&#8221; theme_builder_area=&#8221;post_content&#8221; title_text=&#8221;ZURICH (36)&#8221; hover_enabled=&#8221;0&#8243; sticky_enabled=&#8221;0&#8243;][\/et_pb_image][\/et_pb_column][et_pb_column _builder_version=&#8221;4.27.4&#8243; _module_preset=&#8221;default&#8221; type=&#8221;1_2&#8243; theme_builder_area=&#8221;post_content&#8221;][et_pb_text _builder_version=&#8221;4.27.4&#8243; _module_preset=&#8221;default&#8221; theme_builder_area=&#8221;post_content&#8221; hover_enabled=&#8221;0&#8243; sticky_enabled=&#8221;0&#8243; header_font=&#8221;Playfair Display||||||||&#8221; custom_padding=&#8221;13%|5%|4.3%|5%|false|true&#8221; text_text_color=&#8221;#000000&#8243;]<\/p>\n<h1 data-start=\"139\" data-end=\"174\"><strong data-start=\"139\" data-end=\"174\">Precision.<br \/>Discipline.<br \/>German Soul.<\/strong><\/h1>\n<p>Founded in 1836 in Furtwangen, reborn in Baden-W\u00fcrttemberg,<br \/>L. Furtw\u00e4ngler &amp; S\u00f6hne Uhrenfabrik stands for nearly two centuries of German precision engineering.<\/p>\n<p>Every watch is a dialogue between past and present \u2014<br \/>between the silence of a craftsman\u2019s bench and the hum of modern technology.<\/p>\n<p>[\/et_pb_text][et_pb_button button_text=&#8221;Discover the Heritage&#8221; _builder_version=&#8221;4.27.4&#8243; _module_preset=&#8221;default&#8221; theme_builder_area=&#8221;post_content&#8221; hover_enabled=&#8221;0&#8243; sticky_enabled=&#8221;0&#8243; custom_padding=&#8221;||||false|false&#8221; custom_button=&#8221;on&#8221; button_text_size=&#8221;14px&#8221; button_text_color=&#8221;#000000&#8243; custom_margin=&#8221;||15px|5%|false|false&#8221;][\/et_pb_button][et_pb_button button_text=&#8221;Explore the Collection&#8221; _builder_version=&#8221;4.27.4&#8243; _module_preset=&#8221;default&#8221; theme_builder_area=&#8221;post_content&#8221; hover_enabled=&#8221;0&#8243; sticky_enabled=&#8221;0&#8243; custom_padding=&#8221;||||false|false&#8221; custom_margin=&#8221;|||5%|false|false&#8221; custom_button=&#8221;on&#8221; button_text_size=&#8221;14px&#8221; button_text_color=&#8221;#000000&#8243;][\/et_pb_button][\/et_pb_column][\/et_pb_row][et_pb_row _builder_version=&#8221;4.27.4&#8243; _module_preset=&#8221;default&#8221; column_structure=&#8221;1_2,1_2&#8243; theme_builder_area=&#8221;post_content&#8221; make_equal=&#8221;on&#8221; use_custom_gutter=&#8221;on&#8221; gutter_width=&#8221;1&#8243; width=&#8221;100%&#8221; max_width=&#8221;100%&#8221; hover_enabled=&#8221;0&#8243; sticky_enabled=&#8221;0&#8243; custom_padding=&#8221;0px||0px||true|false&#8221;][et_pb_column _builder_version=&#8221;4.27.4&#8243; _module_preset=&#8221;default&#8221; type=&#8221;1_2&#8243; theme_builder_area=&#8221;post_content&#8221;][et_pb_text _builder_version=&#8221;4.27.4&#8243; _module_preset=&#8221;default&#8221; theme_builder_area=&#8221;post_content&#8221; hover_enabled=&#8221;0&#8243; sticky_enabled=&#8221;0&#8243; header_font=&#8221;Playfair Display||||||||&#8221; custom_padding=&#8221;10%|5%|4.3%|5%|false|true&#8221; text_text_color=&#8221;#000000&#8243;]<\/p>\n<h1 data-start=\"139\" data-end=\"174\"><strong data-start=\"139\" data-end=\"174\">Engineering as Virtue<\/strong><\/h1>\n<p>Lorenz Furtw\u00e4ngler considered precision a moral act.<br \/>He believed that mechanical perfection reflected human integrity \u2014<br \/>that a well-regulated escapement was a mirror of discipline and honesty.<\/p>\n<p>\u201cDie Zeit verdient Ehrfurcht \u2013 Time deserves reverence.\u201d<br \/>\u2014 Lorenz Furtw\u00e4ngler, 1882<\/p>\n<p>That philosophy still defines the brand today:<br \/>clarity, reliability, and respect for the unseen details.<\/p>\n<p><strong>Made in Germany<\/strong><\/p>\n<p>Each watch is hand-assembled and adjusted in Baden-W\u00fcrttemberg.<\/p>\n<p>Every calibre is tested in multiple positions and under varying temperatures.<\/p>\n<p>Only when a movement meets our internal chronometric criteria does it receive the signature:<\/p>\n<p>[\/et_pb_text][\/et_pb_column][et_pb_column _builder_version=&#8221;4.27.4&#8243; _module_preset=&#8221;default&#8221; type=&#8221;1_2&#8243; theme_builder_area=&#8221;post_content&#8221; title_text=&#8221;ChatGPT Image Dec 22, 2025, 06_06_18 PM&#8221; background_image=&#8221;https:\/\/furtwanglerwatches.com\/wp-content\/uploads\/2025\/12\/ChatGPT-Image-Dec-22-2025-06_06_18-PM.png&#8221; hover_enabled=&#8221;0&#8243; sticky_enabled=&#8221;0&#8243; custom_padding=&#8221;22%||22%||true|false&#8221;][et_pb_divider _builder_version=&#8221;4.27.4&#8243; _module_preset=&#8221;default&#8221; theme_builder_area=&#8221;post_content&#8221; show_divider=&#8221;off&#8221; hover_enabled=&#8221;0&#8243; sticky_enabled=&#8221;0&#8243;][\/et_pb_divider][\/et_pb_column][\/et_pb_row][\/et_pb_section]<\/p>\n","protected":false},"excerpt":{"rendered":"<p>Made in GermanySince 1836Where time is not produced \u2014 it is mastered.Precision.Discipline.German Soul. Founded in 1836 in Furtwangen, reborn in Baden-W\u00fcrttemberg,L. Furtw\u00e4ngler &amp; S\u00f6hne Uhrenfabrik stands for nearly two centuries of German precision engineering. Every watch is a dialogue between past and present \u2014between the silence of a craftsman\u2019s bench and the hum of modern [&hellip;]<\/p>\n","protected":false},"author":1,"featured_media":0,"parent":0,"menu_order":0,"comment_status":"closed","ping_status":"closed","template":"","meta":{"_et_pb_use_builder":"on","_et_pb_old_content":"","_et_gb_content_width":"","footnotes":""},"class_list":["post-32","page","type-page","status-publish","hentry"],"_links":{"self":[{"href":"https:\/\/furtwanglerwatches.com\/index.php?rest_route=\/wp\/v2\/pages\/32","targetHints":{"allow":["GET"]}}],"collection":[{"href":"https:\/\/furtwanglerwatches.com\/index.php?rest_route=\/wp\/v2\/pages"}],"about":[{"href":"https:\/\/furtwanglerwatches.com\/index.php?rest_route=\/wp\/v2\/types\/page"}],"author":[{"embeddable":true,"href":"https:\/\/furtwanglerwatches.com\/index.php?rest_route=\/wp\/v2\/users\/1"}],"replies":[{"embeddable":true,"href":"https:\/\/furtwanglerwatches.com\/index.php?rest_route=%2Fwp%2Fv2%2Fcomments&post=32"}],"version-history":[{"count":15,"href":"https:\/\/furtwanglerwatches.com\/index.php?rest_route=\/wp\/v2\/pages\/32\/revisions"}],"predecessor-version":[{"id":56,"href":"https:\/\/furtwanglerwatches.com\/index.php?rest_route=\/wp\/v2\/pages\/32\/revisions\/56"}],"wp:attachment":[{"href":"https:\/\/furtwanglerwatches.com\/index.php?rest_route=%2Fwp%2Fv2%2Fmedia&parent=32"}],"curies":[{"name":"wp","href":"https:\/\/api.w.org\/{rel}","templated":true}]}}